{"id":17,"date":"2019-06-19T08:48:20","date_gmt":"2019-06-19T06:48:20","guid":{"rendered":"https:\/\/www.lespallieres.fr\/?page_id=17"},"modified":"2021-05-19T09:55:37","modified_gmt":"2021-05-19T07:55:37","slug":"les-vins","status":"publish","type":"page","link":"https:\/\/www.lespallieres.fr\/en\/les-vins\/","title":{"rendered":"Wines"},"content":{"rendered":"<div class=\"wpb-content-wrapper\"><div class=\"vc_row wpb_row vc_row-fluid\"><div class=\"wpb_column vc_column_container vc_col-sm-12\"><div class=\"vc_column-inner\"><div class=\"wpb_wrapper\"><h1 style=\"text-align: center\" class=\"vc_custom_heading vc_do_custom_heading\" >Wines<\/h1><div class=\"vc_empty_space\"   style=\"height: 32px\"><span class=\"vc_empty_space_inner\"><\/span><\/div><\/div><\/div><\/div><\/div><div class=\"vc_row wpb_row vc_row-fluid vc_row-o-equal-height vc_row-o-content-bottom vc_row-flex\"><div class=\"wpb_column vc_column_container vc_col-sm-1\/5\"><div class=\"vc_column-inner\"><div class=\"wpb_wrapper\"><\/div><\/div><\/div><div class=\"wpb_column vc_column_container vc_col-sm-1\/5\"><div class=\"vc_column-inner\"><div class=\"wpb_wrapper\">\n\t<div  class=\"wpb_single_image wpb_content_element vc_align_left wpb_content_element\">\n\t\t\n\t\t<figure class=\"wpb_wrapper vc_figure\">\n\t\t\t<div class=\"vc_single_image-wrapper   vc_box_border_grey\"><img loading=\"lazy\" decoding=\"async\" width=\"313\" height=\"1000\" src=\"https:\/\/www.lespallieres.fr\/wp-content\/uploads\/2019\/06\/terrasse_du_diable.png\" class=\"vc_single_image-img attachment-full\" alt=\"\" title=\"terrasse_du_diable\" srcset=\"https:\/\/www.lespallieres.fr\/wp-content\/uploads\/2019\/06\/terrasse_du_diable.png 313w, https:\/\/www.lespallieres.fr\/wp-content\/uploads\/2019\/06\/terrasse_du_diable-94x300.png 94w\" sizes=\"auto, (max-width: 313px) 100vw, 313px\" \/><\/div>\n\t\t<\/figure>\n\t<\/div>\n\n\t<div class=\"wpb_text_column wpb_content_element\" >\n\t\t<div class=\"wpb_wrapper\">\n\t\t\t<p style=\"text-align: center;\"><a href=\"https:\/\/www.lespallieres.fr\/wp-content\/uploads\/2021\/03\/fiche_technique_pallieres_gigondas_terrasse_du_diable.pdf\" target=\"_blank\" rel=\"noopener noreferrer\">Download datasheet<\/a><\/p>\n\n\t\t<\/div>\n\t<\/div>\n<\/div><\/div><\/div><div class=\"wpb_column vc_column_container vc_col-sm-1\/5\"><div class=\"vc_column-inner\"><div class=\"wpb_wrapper\">\n\t<div  class=\"wpb_single_image wpb_content_element vc_align_left wpb_content_element\">\n\t\t\n\t\t<figure class=\"wpb_wrapper vc_figure\">\n\t\t\t<div class=\"vc_single_image-wrapper   vc_box_border_grey\"><img loading=\"lazy\" decoding=\"async\" width=\"310\" height=\"1000\" src=\"https:\/\/www.lespallieres.fr\/wp-content\/uploads\/2019\/06\/racines.png\" class=\"vc_single_image-img attachment-full\" alt=\"\" title=\"racines\" srcset=\"https:\/\/www.lespallieres.fr\/wp-content\/uploads\/2019\/06\/racines.png 310w, https:\/\/www.lespallieres.fr\/wp-content\/uploads\/2019\/06\/racines-93x300.png 93w\" sizes=\"auto, (max-width: 310px) 100vw, 310px\" \/><\/div>\n\t\t<\/figure>\n\t<\/div>\n\n\t<div class=\"wpb_text_column wpb_content_element\" >\n\t\t<div class=\"wpb_wrapper\">\n\t\t\t<p style=\"text-align: center;\"><a href=\"https:\/\/www.lespallieres.fr\/wp-content\/uploads\/2021\/03\/fiche_technique_pallieres_gigondas_racines.pdf\" target=\"_blank\" rel=\"noopener noreferrer\">Download datasheet<\/a><\/p>\n\n\t\t<\/div>\n\t<\/div>\n<\/div><\/div><\/div><div class=\"wpb_column vc_column_container vc_col-sm-1\/5\"><div class=\"vc_column-inner\"><div class=\"wpb_wrapper\">\n\t<div  class=\"wpb_single_image wpb_content_element vc_align_left wpb_content_element\">\n\t\t\n\t\t<figure class=\"wpb_wrapper vc_figure\">\n\t\t\t<div class=\"vc_single_image-wrapper   vc_box_border_grey\"><img loading=\"lazy\" decoding=\"async\" width=\"310\" height=\"1000\" src=\"https:\/\/www.lespallieres.fr\/wp-content\/uploads\/2019\/06\/au_petit_bonheur_pack.png\" class=\"vc_single_image-img attachment-full\" alt=\"\" title=\"au_petit_bonheur_pack\" srcset=\"https:\/\/www.lespallieres.fr\/wp-content\/uploads\/2019\/06\/au_petit_bonheur_pack.png 310w, https:\/\/www.lespallieres.fr\/wp-content\/uploads\/2019\/06\/au_petit_bonheur_pack-93x300.png 93w\" sizes=\"auto, (max-width: 310px) 100vw, 310px\" \/><\/div>\n\t\t<\/figure>\n\t<\/div>\n\n\t<div class=\"wpb_text_column wpb_content_element\" >\n\t\t<div class=\"wpb_wrapper\">\n\t\t\t<p style=\"text-align: center;\"><a href=\"https:\/\/www.lespallieres.fr\/wp-content\/uploads\/2021\/03\/fiche_technique_pallieres_au_petit_bonheur.pdf\" target=\"_blank\" rel=\"noopener noreferrer\">Download datasheet<\/a><\/p>\n\n\t\t<\/div>\n\t<\/div>\n<\/div><\/div><\/div><div class=\"wpb_column vc_column_container vc_col-sm-1\/5\"><div class=\"vc_column-inner\"><div class=\"wpb_wrapper\"><\/div><\/div><\/div><\/div><div class=\"vc_row wpb_row vc_row-fluid\"><div class=\"wpb_column vc_column_container vc_col-sm-12\"><div class=\"vc_column-inner\"><div class=\"wpb_wrapper\"><div class=\"vc_empty_space\"   style=\"height: 32px\"><span class=\"vc_empty_space_inner\"><\/span><\/div><h2 style=\"text-align: left\" class=\"vc_custom_heading vc_do_custom_heading\" >Two red wines, each with its own character!<\/h2><div class=\"vc_empty_space\"   style=\"height: 20px\"><span class=\"vc_empty_space_inner\"><\/span><\/div>\n\t<div class=\"wpb_text_column wpb_content_element\" >\n\t\t<div class=\"wpb_wrapper\">\n\t\t\t<p><strong>Two characters, it goes without saying. At Domaine Les Palli\u00e8res, from the 2007 vintage onwards, we began making two plot-specific cuv\u00e9es, Racines and Terrasse du Diable, instead of a single red wine.<\/strong><\/p>\n<p><span style=\"color: #df4424;\">Racines<\/span> is made with grapes from the domaine\u2019s very old vines, planted mainly round the winery at about 200m altitude. Grenache dominates the blend (&gt; 80%) alongside Syrah, Cinsault and Clairette. This cuv\u00e9e epitomises the heart and origins of the estate, with an average vine age exceeding 80 summers!<\/p>\n<h4 style=\"text-align: left;\"><em>The Racines cuv\u00e9e, which flows from the estate's very old vines, possesses the velvet, depth and harmony of old Grenache when cultivated on refined terroirs. It has very high ageing potential, with balance being the prime factor.<\/em><\/h4>\n<p class=\"p1\"><span class=\"s1\"><br \/>\nLa cuv\u00e9e <span style=\"color: #df4424;\">Terrasse du Diable<\/span> takes its name from the estate\u2019s highest plot, which is thus titled in the land registry, doubtless because it is very hard to access. The cuv\u00e9e is made with the grapes from all the high-lying plots, spread amid 110 ha of woodland, which is integral to the domaine and its characteristics. In these plots at 250-400 m altitude, Grenache naturally rules the roost, contributing 90% of the blend, together with 5% Mourv\u00e8dre and 5% Clairette. The estate\u2019s former owners, the Roux brothers, cleared forest to create this plot after the big freeze of 1956.<\/span><\/p>\n<h4 style=\"text-align: left;\"><em><span class=\"s1\">In its youth, the Terrasse du Diable cuv\u00e9e serves up the minerality, freshness and occasionally over-rugged tannins of high-lying terroirs. The fine vintages have cellaring potential of 20 years and more.<\/span><\/em><\/h4>\n<p>&nbsp;<\/p>\n<p class=\"p1\"><span class=\"s1\"><br \/>\n<strong>So why separate these two characters? In the southern Rh\u00f4ne Valley, the saying goes that blending grape varieties imparts complexity. But is the same really true of localities and exposures?<\/strong><\/span><\/p>\n<p class=\"p1\"><span class=\"s1\">Certainly, but since our first day in charge here, we have noted that the grapes grown in the two Les Palli\u00e8res microclimates yielded wines so different that they struggled to attain harmony when blended. It was, in a sense, an arranged marriage.\nThis is chiefly evident in their tannins\u2019 personalities: we felt that what we were creating, rather than complexity, was merely two tiers of tannin that could take years to integrate.<\/span><\/p>\n<p class=\"p1\"><span class=\"s1\">It was also frustrating to see some vats\u2019 identities being lost in a single wine; and intriguing to see a likeable personality flourishing, though not dominant. Equally, it was frustrating to make just one wine and one flavour for one moment, one discussion, one companion \u2013 a sole proposition. The idea behind the separation was not to compare the wines, but to have a choice \u2013 choosing the occasion, the cooking and the mood. This is a luxury that costs nothing but, when absent, its importance is acutely felt.<\/span><\/p>\n<p class=\"p1\"><span class=\"s1\">As you will have gathered, there is nothing very scientific about our move to create two personalities at Les Palli\u00e8res. Rather, we wanted to deepen a little further our understanding of this terroir; to enjoy ourselves; and, we hope, to please the greatest possible number of enthusiasts.<\/span><\/p>\n\n\t\t<\/div>\n\t<\/div>\n<\/div><\/div><\/div><\/div><div class=\"vc_row wpb_row vc_row-fluid\"><div class=\"wpb_column vc_column_container vc_col-sm-12\"><div class=\"vc_column-inner\"><div class=\"wpb_wrapper\">\n\t<div class=\"wpb_text_column wpb_content_element\" >\n\t\t<div class=\"wpb_wrapper\">\n\t\t\t\n\t\t<\/div>\n\t<\/div>\n<\/div><\/div><\/div><\/div><div class=\"vc_row wpb_row vc_row-fluid\"><div class=\"wpb_column vc_column_container vc_col-sm-12\"><div class=\"vc_column-inner\"><div class=\"wpb_wrapper\"><h2 style=\"text-align: left\" class=\"vc_custom_heading vc_do_custom_heading\" >A Blanc de Noirs at Les Palli\u00e8res<\/h2><div class=\"vc_empty_space\"   style=\"height: 20px\"><span class=\"vc_empty_space_inner\"><\/span><\/div>\n\t<div class=\"wpb_text_column wpb_content_element\" >\n\t\t<div class=\"wpb_wrapper\">\n\t\t\t<p>A Blanc de Noirs was first made at Les Palli\u00e8res in 2004. After a few years\u2019 work, observation and results following the purchase, we felt it desirable to set aside a few hectares of vines \u2013 given the personality imparted by their soil\/variety pairing \u2013 and devote them to an easy-drinking wine: a Blanc de Noirs.<\/p>\n<p>Made mainly from Cinsault, Clairette and Grenache Noir, the wine has a very French name: <span style=\"color: #df4424;\">\u00ab\u00a0Au Petit Bonheur &#8211; Les Palli\u00e8res\u00a0\u00bb<\/span>A little bit of happiness\u2026 it\u2019s a name that conjures the convivial pleasure of summer wines, but also the serendipity of this cuv\u00e9e, which owes nothing to technology and has come into our lives almost by accident.<\/p>\n<p>Au Petit Bonheur is the only Vin de France produced by the Brunier family in the Rh\u00f4ne Valley. It is made with Grenache Noir, Cinsault and Clairette grapes, pressed straight after hand-picking and then jointly fermented and matured in oak (650-litre demi-muids). After gentle filtering to impart brilliance and clarity, it is bottled at winter\u2019s end following the harvest.<\/p>\n<h4><em>A consummate mealtime wine, capturing the fresh edge, elegance and fullness of the Palli\u00e8res locality.<\/em><\/h4>\n\n\t\t<\/div>\n\t<\/div>\n<\/div><\/div><\/div><\/div><div class=\"vc_row wpb_row vc_row-fluid\"><div class=\"wpb_column vc_column_container vc_col-sm-12\"><div class=\"vc_column-inner\"><div class=\"wpb_wrapper\">\n\t<div class=\"wpb_text_column wpb_content_element\" >\n\t\t<div class=\"wpb_wrapper\">\n\t\t\t\n\t\t<\/div>\n\t<\/div>\n<\/div><\/div><\/div><\/div>\n<\/div>","protected":false},"excerpt":{"rendered":"Les vins T\u00e9l\u00e9charger la fiche T\u00e9l\u00e9charger la fiche T\u00e9l\u00e9charger la fiche Deux vins rouges, deux caract\u00e8res ! Deux caract\u00e8res, il va de soi. D\u2019un seul vin rouge, le Domaine Les Palli\u00e8res est pass\u00e9 \u00e0 deux cuv\u00e9es parcellaires nomm\u00e9es \"Racines\" et \"Terrasse du Diable\", \u00e0 compter du mill\u00e9sime 2007. Racines est une cuv\u00e9e issue des vieilles...","protected":false},"author":1,"featured_media":0,"parent":0,"menu_order":0,"comment_status":"closed","ping_status":"closed","template":"","meta":{"footnotes":""},"class_list":["post-17","page","type-page","status-publish","hentry"],"_links":{"self":[{"href":"https:\/\/www.lespallieres.fr\/en\/wp-json\/wp\/v2\/pages\/17","targetHints":{"allow":["GET"]}}],"collection":[{"href":"https:\/\/www.lespallieres.fr\/en\/wp-json\/wp\/v2\/pages"}],"about":[{"href":"https:\/\/www.lespallieres.fr\/en\/wp-json\/wp\/v2\/types\/page"}],"author":[{"embeddable":true,"href":"https:\/\/www.lespallieres.fr\/en\/wp-json\/wp\/v2\/users\/1"}],"replies":[{"embeddable":true,"href":"https:\/\/www.lespallieres.fr\/en\/wp-json\/wp\/v2\/comments?post=17"}],"version-history":[{"count":36,"href":"https:\/\/www.lespallieres.fr\/en\/wp-json\/wp\/v2\/pages\/17\/revisions"}],"predecessor-version":[{"id":279,"href":"https:\/\/www.lespallieres.fr\/en\/wp-json\/wp\/v2\/pages\/17\/revisions\/279"}],"wp:attachment":[{"href":"https:\/\/www.lespallieres.fr\/en\/wp-json\/wp\/v2\/media?parent=17"}],"curies":[{"name":"wp","href":"https:\/\/api.w.org\/{rel}","templated":true}]}}

<div class="wpb-content-wrapper"><div class="vc_row wpb_row vc_row-fluid"><div class="wpb_column vc_column_container vc_col-sm-12"><div class="vc_column-inner"><div class="wpb_wrapper"><h1 style="text-align: center" class="vc_custom_heading vc_do_custom_heading" >Wines</h1><div class="vc_empty_space"   style="height: 32px"><span class="vc_empty_space_inner"></span></div></div></div></div></div><div class="vc_row wpb_row vc_row-fluid vc_row-o-equal-height vc_row-o-content-bottom vc_row-flex"><div class="wpb_column vc_column_container vc_col-sm-1/5"><div class="vc_column-inner"><div class="wpb_wrapper"></div></div></div><div class="wpb_column vc_column_container vc_col-sm-1/5"><div class="vc_column-inner"><div class="wpb_wrapper">
	<div  class="wpb_single_image wpb_content_element vc_align_left wpb_content_element">
		
		<figure class="wpb_wrapper vc_figure">
			<div class="vc_single_image-wrapper   vc_box_border_grey"><img loading="lazy" decoding="async" width="313" height="1000" src="https://www.lespallieres.fr/wp-content/uploads/2019/06/terrasse_du_diable.png" class="vc_single_image-img attachment-full" alt="" title="terrasse_du_diable" srcset="https://www.lespallieres.fr/wp-content/uploads/2019/06/terrasse_du_diable.png 313w, https://www.lespallieres.fr/wp-content/uploads/2019/06/terrasse_du_diable-94x300.png 94w" sizes="auto, (max-width: 313px) 100vw, 313px" /></div>
		</figure>
	</div>

	<div class="wpb_text_column wpb_content_element" >
		<div class="wpb_wrapper">
			<p style="text-align: center;"><a href="https://www.lespallieres.fr/wp-content/uploads/2021/03/fiche_technique_pallieres_gigondas_terrasse_du_diable.pdf" target="_blank" rel="noopener noreferrer">Download datasheet</a></p>

		</div>
	</div>
</div></div></div><div class="wpb_column vc_column_container vc_col-sm-1/5"><div class="vc_column-inner"><div class="wpb_wrapper">
	<div  class="wpb_single_image wpb_content_element vc_align_left wpb_content_element">
		
		<figure class="wpb_wrapper vc_figure">
			<div class="vc_single_image-wrapper   vc_box_border_grey"><img loading="lazy" decoding="async" width="310" height="1000" src="https://www.lespallieres.fr/wp-content/uploads/2019/06/racines.png" class="vc_single_image-img attachment-full" alt="" title="racines" srcset="https://www.lespallieres.fr/wp-content/uploads/2019/06/racines.png 310w, https://www.lespallieres.fr/wp-content/uploads/2019/06/racines-93x300.png 93w" sizes="auto, (max-width: 310px) 100vw, 310px" /></div>
		</figure>
	</div>

	<div class="wpb_text_column wpb_content_element" >
		<div class="wpb_wrapper">
			<p style="text-align: center;"><a href="https://www.lespallieres.fr/wp-content/uploads/2021/03/fiche_technique_pallieres_gigondas_racines.pdf" target="_blank" rel="noopener noreferrer">Download datasheet</a></p>

		</div>
	</div>
</div></div></div><div class="wpb_column vc_column_container vc_col-sm-1/5"><div class="vc_column-inner"><div class="wpb_wrapper">
	<div  class="wpb_single_image wpb_content_element vc_align_left wpb_content_element">
		
		<figure class="wpb_wrapper vc_figure">
			<div class="vc_single_image-wrapper   vc_box_border_grey"><img loading="lazy" decoding="async" width="310" height="1000" src="https://www.lespallieres.fr/wp-content/uploads/2019/06/au_petit_bonheur_pack.png" class="vc_single_image-img attachment-full" alt="" title="au_petit_bonheur_pack" srcset="https://www.lespallieres.fr/wp-content/uploads/2019/06/au_petit_bonheur_pack.png 310w, https://www.lespallieres.fr/wp-content/uploads/2019/06/au_petit_bonheur_pack-93x300.png 93w" sizes="auto, (max-width: 310px) 100vw, 310px" /></div>
		</figure>
	</div>

	<div class="wpb_text_column wpb_content_element" >
		<div class="wpb_wrapper">
			<p style="text-align: center;"><a href="https://www.lespallieres.fr/wp-content/uploads/2021/03/fiche_technique_pallieres_au_petit_bonheur.pdf" target="_blank" rel="noopener noreferrer">Download datasheet</a></p>

		</div>
	</div>
</div></div></div><div class="wpb_column vc_column_container vc_col-sm-1/5"><div class="vc_column-inner"><div class="wpb_wrapper"></div></div></div></div><div class="vc_row wpb_row vc_row-fluid"><div class="wpb_column vc_column_container vc_col-sm-12"><div class="vc_column-inner"><div class="wpb_wrapper"><div class="vc_empty_space"   style="height: 32px"><span class="vc_empty_space_inner"></span></div><h2 style="text-align: left" class="vc_custom_heading vc_do_custom_heading" >Two red wines, each with its own character!</h2><div class="vc_empty_space"   style="height: 20px"><span class="vc_empty_space_inner"></span></div>
	<div class="wpb_text_column wpb_content_element" >
		<div class="wpb_wrapper">
			<p><strong>Two characters, it goes without saying. At Domaine Les Pallières, from the 2007 vintage onwards, we began making two plot-specific cuvées, Racines and Terrasse du Diable, instead of a single red wine.</strong></p>
<p><span style="color: #df4424;">Racines</span> is made with grapes from the domaine’s very old vines, planted mainly round the winery at about 200m altitude. Grenache dominates the blend (&gt; 80%) alongside Syrah, Cinsault and Clairette. This cuvée epitomises the heart and origins of the estate, with an average vine age exceeding 80 summers!</p>
<h4 style="text-align: left;"><em>The Racines cuvée, which flows from the estate's very old vines, possesses the velvet, depth and harmony of old Grenache when cultivated on refined terroirs. It has very high ageing potential, with balance being the prime factor.</em></h4>
<p class="p1"><span class="s1"><br />
La cuvée <span style="color: #df4424;">Terrasse du Diable</span> takes its name from the estate’s highest plot, which is thus titled in the land registry, doubtless because it is very hard to access. The cuvée is made with the grapes from all the high-lying plots, spread amid 110 ha of woodland, which is integral to the domaine and its characteristics. In these plots at 250-400 m altitude, Grenache naturally rules the roost, contributing 90% of the blend, together with 5% Mourvèdre and 5% Clairette. The estate’s former owners, the Roux brothers, cleared forest to create this plot after the big freeze of 1956.</span></p>
<h4 style="text-align: left;"><em><span class="s1">In its youth, the Terrasse du Diable cuvée serves up the minerality, freshness and occasionally over-rugged tannins of high-lying terroirs. The fine vintages have cellaring potential of 20 years and more.</span></em></h4>
<p>&nbsp;</p>
<p class="p1"><span class="s1"><br />
<strong>So why separate these two characters? In the southern Rhône Valley, the saying goes that blending grape varieties imparts complexity. But is the same really true of localities and exposures?</strong></span></p>
<p class="p1"><span class="s1">Certainly, but since our first day in charge here, we have noted that the grapes grown in the two Les Pallières microclimates yielded wines so different that they struggled to attain harmony when blended. It was, in a sense, an arranged marriage.
This is chiefly evident in their tannins’ personalities: we felt that what we were creating, rather than complexity, was merely two tiers of tannin that could take years to integrate.</span></p>
<p class="p1"><span class="s1">It was also frustrating to see some vats’ identities being lost in a single wine; and intriguing to see a likeable personality flourishing, though not dominant. Equally, it was frustrating to make just one wine and one flavour for one moment, one discussion, one companion – a sole proposition. The idea behind the separation was not to compare the wines, but to have a choice – choosing the occasion, the cooking and the mood. This is a luxury that costs nothing but, when absent, its importance is acutely felt.</span></p>
<p class="p1"><span class="s1">As you will have gathered, there is nothing very scientific about our move to create two personalities at Les Pallières. Rather, we wanted to deepen a little further our understanding of this terroir; to enjoy ourselves; and, we hope, to please the greatest possible number of enthusiasts.</span></p>

		</div>
	</div>
</div></div></div></div><div class="vc_row wpb_row vc_row-fluid"><div class="wpb_column vc_column_container vc_col-sm-12"><div class="vc_column-inner"><div class="wpb_wrapper">
	<div class="wpb_text_column wpb_content_element" >
		<div class="wpb_wrapper">
			
		</div>
	</div>
</div></div></div></div><div class="vc_row wpb_row vc_row-fluid"><div class="wpb_column vc_column_container vc_col-sm-12"><div class="vc_column-inner"><div class="wpb_wrapper"><h2 style="text-align: left" class="vc_custom_heading vc_do_custom_heading" >A Blanc de Noirs at Les Pallières</h2><div class="vc_empty_space"   style="height: 20px"><span class="vc_empty_space_inner"></span></div>
	<div class="wpb_text_column wpb_content_element" >
		<div class="wpb_wrapper">
			<p>A Blanc de Noirs was first made at Les Pallières in 2004. After a few years’ work, observation and results following the purchase, we felt it desirable to set aside a few hectares of vines – given the personality imparted by their soil/variety pairing – and devote them to an easy-drinking wine: a Blanc de Noirs.</p>
<p>Made mainly from Cinsault, Clairette and Grenache Noir, the wine has a very French name: <span style="color: #df4424;">« Au Petit Bonheur &#8211; Les Pallières »</span>A little bit of happiness… it’s a name that conjures the convivial pleasure of summer wines, but also the serendipity of this cuvée, which owes nothing to technology and has come into our lives almost by accident.</p>
<p>Au Petit Bonheur is the only Vin de France produced by the Brunier family in the Rhône Valley. It is made with Grenache Noir, Cinsault and Clairette grapes, pressed straight after hand-picking and then jointly fermented and matured in oak (650-litre demi-muids). After gentle filtering to impart brilliance and clarity, it is bottled at winter’s end following the harvest.</p>
<h4><em>A consummate mealtime wine, capturing the fresh edge, elegance and fullness of the Pallières locality.</em></h4>

		</div>
	</div>
</div></div></div></div><div class="vc_row wpb_row vc_row-fluid"><div class="wpb_column vc_column_container vc_col-sm-12"><div class="vc_column-inner"><div class="wpb_wrapper">
	<div class="wpb_text_column wpb_content_element" >
		<div class="wpb_wrapper">
			
		</div>
	</div>
</div></div></div></div>
</div>

Les vins Télécharger la fiche Télécharger la fiche Télécharger la fiche Deux vins rouges, deux caractères ! Deux caractères, il va de soi. D’un seul vin rouge, le Domaine Les Pallières est passé à deux cuvées parcellaires nommées "Racines" et "Terrasse du Diable", à compter du millésime 2007. Racines est une cuvée issue des vieilles...
